se -1 = -i, -184*i + 169*i = 4*u - 61847. What is the units digit of u?
8
Suppose -168 = 13*y - 15*y. Let d be -12*7/(y/104). Let m = d - -212. What is the hundreds digit of m?
1
Let z = -90 - -33. Let t = z + 86. Let q = t - 13. What is the units digit of q?
6
Suppose 2907 = 43*b - 14551. What is the hundreds digit of b?
4
Suppose 0 = 3*c + 66 + 99. Let m = 83 + c. What is the hundreds digit of (-6)/(-21) - (-3128)/m?
1
Suppose -7 = -f + 3*w, 3*f + w - 1 - 20 = 0. Let r(b) = 4*b**3 - 6*b**2 + 9*b + 9. Let c be r(f). Suppose 0*n - c = -5*n. What is the tens digit of n?
3
Let a(w) = 47*w + 84. Let y be a(12). Suppose 4*d = 5*r + 1296, -2*d = -0*d - 3*r - y. What is the hundreds digit of d?
3
Let n(r) = 3*r**3 - r**2 - 4*r + 4. Let h be n(1). Let f = h - -4. What is the hundreds digit of (-54)/(-15)*(-100)/f*-2?
1
Let p(l) = -304*l**3 - 2*l**2 + 56 - 2*l - 2*l - 59. What is the hundreds digit of p(-1)?
3
Suppose 3*x = -5*s + 7*x + 110183, 4*s - 5*x - 88159 = 0. What is the hundreds digit of s?
0
Let n(i) be the first derivative of 17*i**2/2 - 138*i + 65. What is the tens digit of n(29)?
5
Let u be ((-8)/(-40))/((-1)/(-10)). Suppose 4*q + 3*m - 2533 = 0, 6*q + m = u*q + 2543. Suppose 13*p = q + 975. What is the tens digit of p?
2
Let u(l) = 2*l**2 - 82*l - 1484. What is the units digit of u(126)?
6
Let j = -23153 - -10865. Let y = -25 - 41. What is the hundreds digit of j/y - 4/22?
1
Let r be -30*(5/3 - 3/9). Let w be (-368)/r*(-10)/(-4). Suppose 2*d + 3*i - 130 = -w, 4*d = -i + 219. What is the tens digit of d?
5
What is the units digit of (-1)/(1/(-4067)) + (-32)/(-17 + 9)?
1
Let r(t) be the first derivative of 153*t**2/2 - 140*t + 204. What is the hundreds digit of r(10)?
3
Let h(n) = 328*n - 87. Let q be h(9). Suppose q = 16*b - 127. What is the tens digit of b?
8
Let f(z) = -62*z**2 + 8*z + 6. Let n(k) = -21*k**2 + 3*k + 2. Let x(u) = -4*f(u) + 11*n(u). Let c be x(1). What is the units digit of (-17 + c)/((-1)/69)?
9
Let p(g) be the first derivative of -g**4/4 + 10*g**3/3 + 6*g**2 - 21*g - 1. Suppose 4*s + 312 - 352 = 0. What is the units digit of p(s)?
9
Let g be (-2)/6 - 1*8/(-6). Suppose -4*z + 4 = -2*l, -4*z - 3 = -5*l - g. Suppose -3*o - 2*n = -n - 492, -2*n = l*o - 328. What is the hundreds digit of o?
1
Suppose 3*q - 293 = 2599. What is the units digit of q?
4
Let u = -138 - -70. Let s = -67 - u. What is the units digit of (-2)/(10/(-785))*s?
7
Let k = -153 + 156. Suppose -3*i - 5*p + 4480 = 0, -4464 = -96*i + 93*i + k*p. What is the units digit of i?
0
Suppose 2 = -d + 4*n - 6, 0 = 2*n. Let u = -71 - -75. What is the units digit of u*(-3 + (-46)/d)?
1
Let w(x) be the first derivative of 93*x**2 + 12*x - 60. What is the units digit of w(2)?
4
Suppose -z - 4*j - 12519 = -2*z, 0 = -z - j + 12519. What is the units digit of z?
9
Suppose 0 = 64*h - 59*h - 5, 4*f + 3*h = 10947. What is the thousands digit of f?
2
What is the units digit of 36744/(-4)*3*(-8)/36?
4
Let l = -336 - -326. What is the units digit of -1 + 15/l - (-1593)/6?
3
Let m(q) = q - 4. Let i be m(8). Suppose -9 = z - j + 3, 2*j = -i*z - 72. What is the hundreds digit of 29/(-2)*(8 + z)?
1
What is the hundreds digit of (-21 + (-81)/2)*(-682)/3?
9
Let c(j) = 2*j**2 + 5*j + 38. Let r be c(-10). Let x be 1/(286/r + (-9)/6). Let g = x - -38. What is the units digit of g?
5
Let z(c) = 4336*c**2 - 28*c + 4. What is the hundreds digit of z(2)?
2
Suppose -5*h - 3*c = -0*h - 89, -4*c - 8 = 0. Suppose -a = -h*a + 774. What is the units digit of a?
3
Let n(a) = a**3 - 8*a**2 - 6*a + 1. Let f be n(9). Let s(r) = -193*r + 178*r - f - 7. What is the units digit of s(-8)?
5
Let s = 5 - -9. Let l(g) = -g**3 + 18*g**2 - 21*g + 28. Let p be l(s). Suppose p - 110 = 8*n. What is the tens digit of n?
5
Let o = -2156 - -7809. What is the tens digit of o?
5
What is the thousands digit of (-2 - 3930)*-2 + 8?
7
Suppose -2*n - 160 - 521 = 5*v, -5*n = 3*v + 1693. Let a = -211 - n. What is the tens digit of a?
2
Let n = 6605 + 871. What is the thousands digit of n?
7
Suppose -22282 - 50330 = -18*z. What is the tens digit of z?
3
Let q = 106 - 107. Let b be ((-241)/2)/((-6)/36) - q. Suppose 4*i - 4*s = -0*i + b, -718 = -4*i - 2*s. What is the units digit of i?
0
Suppose s + 8 = -3*o - 3*s, 0 = 5*o + 4*s + 8. Suppose -2 = -3*z - 14, o = 2*a - 5*z - 28. Suppose 578 = a*r + 134. What is the units digit of r?
1
Suppose 0 = 39*m - 294973 - 4586. What is the units digit of m?
1
Suppose -6366 = 181*b - 183*b. Suppose 3*k - 7*k + 4244 = -5*w, 5*w = 3*k - b. What is the thousands digit of k?
1
Let x(o) = -5*o**3 - 4*o**2 - 5*o - 3. Let r be x(-2). Let b = 37 - r. What is the units digit of (-4)/(-6) - (-206)/b?
5
What is the ten thousands digit of (5 - 12090/45)/((-2)/(-6))*-16?
1
Suppose -10 = -5*k, 0 = 5*a - 5*k - 0*k - 15. What is the units digit of -1565*a/((-125)/10)?
6
Suppose 2*f = 5*d + 18, 5*f - 701 = 2*d - 677. Let c be 4/1 - 1/1. Suppose 0 = -b + a + 215, f*b - c*a - 855 = -0*b. What is the units digit of b?
0
Let y = 32 - 50. Let o be (y + 10)*(-11 + -1). Suppose -c - c + o = 0. What is the tens digit of c?
4
Let o = -35 - -33. What is the units digit of (3 - (-5 - -5))/(o/(-188))?
2
Suppose 13*t - 5447 = -117. What is the tens digit of t?
1
What is the tens digit of 52*1389203/1148 + (-10)/(-7)?
2
Suppose -4*x + b - 3*b - 4318 = 0, -5*x - 5*b = 5385. Let i = x + 453. Let p = -423 - i. What is the tens digit of p?
0
Let t(w) = -81*w + 5349. What is the units digit of t(0)?
9
Let b = 1194 + -589. Let c = b - 371. Let z = c + -59. What is the hundreds digit of z?
1
Let k(q) be the second derivative of 0 - 4*q**2 - 2/3*q**3 + 1/6*q**4 - 18*q. What is the tens digit of k(-8)?
5
Let a be 1 + 2 + (7 - 13). What is the hundreds digit of -4 - (-5 - 146)*a/(-1)?
4
Suppose 5*h - 83 + 153 = 0. What is the tens digit of (-7)/h*6 - -229?
3
Let o = 1897 + 11442. What is the hundreds digit of o?
3
Suppose 3*p = -4*l + 5946, -l + 5*l + p = 5942. Let z = -1033 + l. What is the units digit of z?
2
Let o = 8 - -423. Let i = o + -267. What is the tens digit of i?
6
Let z(k) be the second derivative of -k**3/6 + 41*k**2 - 70*k. Suppose 5*s + 3*v + 3 = 0, 0 = -3*s + 4*v + v + 5. What is the tens digit of z(s)?
8
Suppose 4*r - 7823 = -3*r + 54841. What is the thousands digit of r?
8
What is the thousands digit of (4/(-1) - (-36558)/24)*4?
6
Let n = 370 - 168. Let p = 264 - n. What is the tens digit of p?
6
Let u = -265 + 386. Suppose 3*q - 55 = 4*c, -3*c + 22 = -5*q + u. Suppose -q*d + 16*d = -200. What is the tens digit of d?
4
Let y be (-6 + -1 + 8)*57/3. Let q(c) = 38*c - 230. What is the units digit of q(y)?
2
Let j be (-1 + 1 - 1) + 18/6. Suppose j*b - 1 = 5. Suppose 0 = b*o + o - 228. What is the units digit of o?
7
Let b be (-21 - -469) + (-1)/(2/(-8)). Suppose 3*j - 3 = 9. Suppose -5*w - b = -j*x, -2*w - 336 - 10 = -3*x. What is the units digit of x?
8
Let l be 35/(-14)*-4*15/50. Suppose l*u - 31*b - 1905 = -34*b, 2*u = -4*b + 1276. What is the tens digit of u?
3
What is the tens digit of (2 - (-480106)/33)/((-10)/(-15)) - -2?
2
Suppose -n - 3*k - k = -52, k - 163 = -4*n. Suppose 0 = -5*u + 4*a - n - 97, -5*a = -15. Let v = u - -64. What is the units digit of v?
9
What is the tens digit of ((84/36)/(14/6))/((-1)/(-2268))?
6
Suppose -1438 = -5*d + 2707. Let f = d + -1277. Let i = 649 + f. What is the tens digit of i?
0
Suppose f - 17900 = -5*a, 0 = 19*f - 17*f + 4*a - 35800. What is the hundreds digit of f?
9
Let c = 31 - -33. Suppose 0 = 68*w - c*w - 828. What is the tens digit of w?
0
Let n = -304 - -307. What is the tens digit of (-2 - -1)/(n/(-807))?
6
Let m be ((-3)/12)/(1/8). Let i(s) = -167*s - 16. What is the hundreds digit of i(m)?
3
Suppose -1 = -2*y + 19. Let a be 1484/y + 9/((-225)/10). Suppose a = 3*f - 146. What is the units digit of f?
8
Let g = 39 - 20. Suppose -7*y = -9 - g. Suppose 2*i + 4*k - 122 = 0, -k = y*i + k - 262. What is the tens digit of i?
6
Let k(l) = -l - 7. Let a be k(-11). Suppose a*b - 3576 = 4*w, 2*b - b + 5*w - 882 = 0. What is the hundreds digit of b?
8
Suppose -4*o + 3 = -r, -3*r + r + 29 = -o. Suppose 0 = r*g + g - 14526. What is the units digit of g?
7
Let r = -4617 - -15117. What is the ten thousands digit of r?
1
Suppose -32 = -4*y, -t - 2*y - 12120 = -54748. What is t